
Let i(p) = -1069*p + 20313. Calculate i(19).
2
Let l(b) = -3234*b**2 + 180*b - 182. Calculate l(1).
-3236
Let v(b) = 8*b**2 + 811*b - 13367. Determine v(17).
2732
Let p(s) = -311*s - 38343. Calculate p(-123).
-90
Let y(n) = -41137*n - 205638. Determine y(-5).
47
Let q(k) = -63*k - 145. Determine q(21).
-1468
Let g(i) = 46291*i - 231550. Calculate g(5).
-95
Let i(f) = 258*f - 8008. Give i(32).
248
Let m(l) = 182*l - 12961. Determine m(74).
507
Let k(i) = -860*i**2 + 87714*i + 611. Give k(102).
-1
Let b(d) = -15*d**3 + 780*d**2 + 104*d - 5457. Calculate b(52).
-49
Let s(b) = 41*b**2 - 613*b + 1769. What is s(11)?
-13
Let k(u) = -188*u**3 + 10*u**2 + 15*u + 5. Give k(-1).
188
Let r(w) = 114*w**2 + 965*w - 11169. What is r(-15)?
6
Let g(z) = -5*z**2 + 134*z + 283. Determine g(28).
115
Let q(m) = -7*m**3 + 162*m**2 - 309*m + 2753. Determine q(22).
-173
Let d(a) = a**2 - 805*a - 401284. What is d(-348)?
-40
Let u(p) = 290*p**2 - 381066*p + 7885. Calculate u(1314).
1
Let k(m) = -665*m - 5905. What is k(-9)?
80
Let r(h) = -971*h + 111063. Calculate r(115).
-602
Let g(i) = -i**2 + 314648*i - 53775573. Determine g(171).
-6
Let z(l) = -4*l**3 + 25*l**2 - 12*l + 227. What is z(7)?
-4
Let n(u) = -7243*u - 43477. Calculate n(-6).
-19
Let t(n) = -2*n**2 - 762*n - 16844. Give t(-23).
-376
Let v(d) = 289*d + 40707. Calculate v(-140).
247
Let r(m) = 60*m**2 + 29*m - 77. What is r(2)?
221
Let r(k) = -9*k**3 - 1402*k**2 + 15*k - 46252. Give r(-156).
80
Let f(n) = -n**3 - 141*n**2 + 226*n + 618. Give f(3).
0
Let u(y) = 5*y**3 - 299*y**2 + 507*y + 885. Determine u(58).
15
Let q(k) = -113*k - 8370. Calculate q(-62).
-1364
Let b(s) = 22*s**2 + 25*s + 18. Determine b(-3).
141
Let i(j) = -311*j - 327. What is i(-5)?
1228
Let i(k) = k**3 + 48*k**2 + 36*k - 570. Determine i(-47).
-53
Let t(z) = -z**3 + 14*z**2 + 110*z - 4. Give t(18).
680
Let d(a) = -5*a**2 - 686*a - 7064. What is d(-126)?
-8
Let y(t) = 18*t**2 + 6721*t + 67892. What is y(-363)?
11
Let o(d) = 4972*d - 24883. Determine o(5).
-23
Let l(b) = -35*b**2 + 782*b + 527. What is l(23)?
-2
Let q(g) = 65*g**2 + 835*g - 154. Calculate q(-13).
-24
Let k(s) = 27*s**2 + 525*s + 2079. Give k(-4).
411
Let q(y) = y**2 - 14702*y - 73514. Determine q(-5).
21
Let g(m) = 73*m**2 - 246*m - 1127. Give g(-4).
1025
Let c(w) = 225828*w - 5645714. What is c(25)?
-14
Let n(m) = 16237*m - 812289. Calculate n(50).
-439
Let l(w) = 3*w**2 + 302*w + 200. What is l(-105)?
1565
Let n(u) = u**2 + 180*u + 6738. What is n(-96)?
-1326
Let x(n) = 934046*n - 5604268. What is x(6)?
8
Let i(k) = k**3 + 96*k**2 + 86*k + 157. Calculate i(-95).
1012
Let u(d) = d**3 - 65*d**2 - 257*d - 1317. What is u(69)?
-6
Let i(k) = 35051*k - 105203. Give i(3).
-50
Let p(b) = b**3 - 93*b**2 + 267*b - 4628. Determine p(91).
3107
Let w(c) = c**2 + 11663*c + 2551122. What is w(-223)?
2
Let r(t) = 8*t**3 - 4*t**2 + 152*t + 451. What is r(-3)?
-257
Let b(n) = 2*n**3 - 68*n**2 - 217*n + 177. Calculate b(37).
362
Let t(q) = 3*q**2 + 173*q - 141. Give t(-57).
-255
Let y(q) = -q**2 + 246*q - 8736. Give y(43).
-7
Let z(u) = u**2 + 165*u - 30373. What is z(110)?
-123
Let l(t) = 58438*t - 642918. Calculate l(11).
-100
Let z(q) = 3*q**3 - 9*q**2 + 58*q - 84. Determine z(2).
20
Let y(g) = -2*g**3 - 222*g**2 + 1147*g - 863. Determine y(-116).
645
Let g(h) = -6*h**2 - 2363*h - 52915. Give g(-370).
-5
Let k(j) = 1207*j**2 - 1058539*j - 62. Determine k(877).
-62
Let t(k) = -k**3 - 142*k**2 + 436*k + 164. What is t(-145)?
19
Let u(x) = -18*x**2 + 280*x - 886. What is u(5)?
64
Let g(t) = t**3 + 201*t**2 + 9722*t + 146. Calculate g(-81).
-16
Let m(d) = -856*d**3 - 15*d**2 + 19*d - 7. Calculate m(1).
-859
Let b(q) = 89*q**2 - 1127*q - 43. What is b(13)?
347
Let h(j) = -17*j - 1137. Calculate h(29).
-1630
Let u(s) = -258*s**2 + 15530*s - 113. Calculate u(60).
2887
Let q(o) = -o**3 - 217*o**2 + 12083*o - 3978. Determine q(-263).
-33
Let p(t) = -26*t**2 - 307*t - 1234. Calculate p(-7).
-359
Let i(u) = u**3 + 23*u**2 + 108*u + 325. Give i(-18).
1
Let d(n) = -n**2 - 61*n - 350. Determine d(-41).
470
Let z(i) = -763*i - 22648. What is z(-27)?
-2047
Let y(m) = m**3 + 85*m**2 + 37*m - 10684. Calculate y(-83).
23
Let b(g) = 3*g**3 - 29*g**2 + 1231*g - 12408. Give b(10).
2
Let g(i) = 236*i - 12038. Give g(51).
-2
Let r(o) = 323*o + 13187. Give r(-40).
267
Let z(g) = -869*g + 183692. Determine z(212).
-536
Let d(w) = 5*w**3 + 10*w**2 + 798*w + 1552. Calculate d(-2).
-44
Let w(d) = -20*d**3 - 920*d**2 - 162*d - 7417. Determine w(-46).
35
Let h(y) = -y**2 - 3087*y + 34163. Determine h(11).
85
Let g(r) = -r**2 - 96115*r - 865035. Determine g(-9).
-81
Let w(h) = -h**3 - 131*h**2 - 2231*h - 138351. What is w(-122)?
-125
Let m(f) = -f**3 + 65*f**2 + 3079*f + 111. What is m(-32)?
911
Let a(k) = -2981*k + 143076. Calculate a(48).
-12
Let r(z) = z**3 + 32*z**2 + 250*z - 31. Calculate r(-18).
5
Let c(x) = 384641*x + 6538900. Calculate c(-17).
3
Let y(p) = 29780*p - 476499. Give y(16).
-19
Let h(t) = -260934*t + 2870269. Give h(11).
-5
Let n(c) = -3*c**3 + 937*c**2 - 416*c + 32674. Calculate n(312).
226
Let o(w) = 3*w**2 - 2549*w + 532049. Determine o(369).
-49
Let s(j) = j**3 + 26*j**2 + 44*j + 1004. Determine s(-26).
-140
Let d(c) = -25*c**2 + 10*c + 5. What is d(-2)?
-115
Let x(g) = g**3 - 47*g**2 - 785*g - 258. Give x(60).
-558
Let p(h) = -269*h + 24559. What is p(91)?
80
Let k(f) = -7143*f - 42894. Determine k(-6).
-36
Let f(b) = b**3 + 150*b**2 - 1269*b - 758. Determine f(-158).
32
Let l(o) = 441*o - 91303. Calculate l(207).
-16
Let o(r) = 455806*r - 455803. Calculate o(1).
3
Let a(s) = s**3 - 227*s**2 + 895*s + 130. Calculate a(223).
799
Let g(z) = 3994*z - 131755. What is g(33)?
47
Let t(u) = 2287*u + 32060. Determine t(-14).
42
Let q(h) = -4*h**3 - 6*h**2 - 533*h - 3242. Calculate q(-6).
604
Let l(b) = 20*b**2 + 78*b - 55. Calculate l(-7).
379
Let v(h) = 11564*h - 2694413. Determine v(233).
-1
Let l(k) = -2*k**3 + 15*k**2 + 130*k - 375. Give l(15).
-1800
Let t(g) = -g**3 + 23*g**2 - 55*g + 42. Calculate t(9).
681
Let s(g) = -513*g**2 - 2031*g + 22. Determine s(-4).
-62
Let d(l) = 9*l**2 - 44*l - 92. Give d(12).
676
Let o(s) = -s**2 + 39883*s + 558552. Give o(-14).
-6
Let x(w) = 421*w**3 - 3*w**2 + 8*w + 4. What is x(-1)?
-428
Let j(g) = -18*g**3 - 2395*g**2 - 139*g - 71. Determine j(-133).
727
Let f(c) = c**3 - 476*c**2 + 27753*c - 603. Calculate f(68).
9
Let l(u) = 3461*u - 571043. Calculate l(165).
22
Let g(h) = 13656*h + 95573. What is g(-7)?
-19
Let m(a) = -a**3 + 268*a**2 - 2060*a - 5232. Calculate m(260).
-32
Let z(n) = -n**2 - 29*n + 1256. Give z(-51).
134
Let o(m) = -2*m**3 + 20*m**2 - 3944*m - 4. Give o(0).
-4
Let m(l) = -5403*l - 91875. Determine m(-17).
-24
Let l(a) = -58214*a + 9605315. Calculate l(165).
5
Let t(w) = 26*w**2 + 2940*w + 35. Determine t(-112).
-3101
Let u(z) = -5*z**2 - 599*z - 827. What is u(-117)?
811
Let f(g) = 2*g**3 - g**2 + 5*g - 2. What is f(3)?
58
Let t(v) = -4*v**2 - 324*v + 6188. Give t(-97).
-20
Let t(j) = 82*j - 222. Determine t(1).
-140
Let g(q) = -2*q**3 + 58*q**2 - 131*q + 593. What is g(27)?
-28
Let n(o) = 4380*o**2 + 3412016*o - 3110. What is n(-779)?
6
Let y(b) = 324*b + 10056. Calculate y(-31).
12
Let r(l) = -9*l - 100. Calculate r(-61).
449
Let b(l) = -l**2 - 308*l - 2688. Determine b(-9).
3
Let h(u) = -91*u**2 + 14558*u + 5. Determine h(0).
5
Let q(v) = -816*v**2 + 221949*v + 787. Determine q(272).
-29
Let f(t) = -2409*t**2 + 224037*t + 4. Calculate f(93).
4
Let y(o) = -o**3 - 26*o**2 + 1240*o - 2706. Determine y(23).
-107
Let u(r) = -7178*r + 868567. Give u(121).
29
Let v(w) = -w**3 - 179*w**2 + 1075*w + 1372. Determine v(7).
-217
Let q(m) = 4742*m + 7492. Determine q(-2).
-1992
Let y(t) = -t**2 - 62*t + 2059. Calculate y(-74).
1171
Let u(g) = g**3 - 129*g**2 - 12361*g - 424. What is u(-64)?
152
Let y(w) = -10*w**2 + 215*w + 36. Calculate y(25).
-839
Let q(z) = 106*z**2 + 1810*z - 23. Determine q(-17).
-159
Let m(y) = 3*y**2 - 4903*y + 206. What is m(0)?
206
Let f(h) = -150*h + 596. Determine f(3).
146
Let t(x) = 2*x**3 + 204*x**2 - 3779*x - 287. Determine t(-118).
67
Let z(s) = s**3 - 24*s**2 - 1142*s - 486. Calculate z(48).
-6
Let k(r) = -39*r - 4801. Give k(-132).
347
Let j(v) = -5775*v + 2125200. Determine j(368).
0
Let v(x) = -x**3 - 2*x**